6245 - 6240) + (-4 + (3 + -1 - 4) - -3).
2
What is (-24 + (16 - 0) - -27) + -75 + -1 + -7?
-64
What is the value of 2 - -1 - (8 + 3 + -18 + 13 - 2)?
-1
What is the value of 8 + -2 + (-21 - -12) - (-67 + 2 - 3)?
65
Evaluate -22 + 2 + 7 + -20 + 15 - -165.
147
What is the value of -39 + (-16 - -28) - (-7 + 5 + -1)?
-24
Calculate 156 + (-23 - 129) - (-1 + -3).
8
What is the value of (-53 + 36 - (-7 + 26)) + (-7 - 2) - -13?
-32
Calculate 86 + 109 + -208 + (1 - (1 - 1)).
-12
What is 1173 + -1197 - (1 + 0 + 1 + -1 - 9)?
-16
Calculate (-104 - (-37 + -16)) + 17.
-34
Evaluate 42 - -15 - -2 - 148.
-89
Evaluate (-20 - (7 + (-17 - 3)) - 13) + -1 + 11.
-10
Calculate 54 + 18 + (-11 - 26).
35
Evaluate (7 - 13) + (-32 - 16) + 27.
-27
Evaluate -278 + 224 + (-12 - -3).
-63
Calculate -151 + -49 + (-104 - -172).
-132
Calculate -5 - (-44 + -4 + 25) - 24.
-6
-24 + 1 + -230 + 245
-8
What is 9 + (-16 - 16) - -31 - (1 - 8)?
15
-142 + 108 + 14 - (-12 - -3) - (50 + -1)
-60
Evaluate (3 - 2) + 36 - (8 + (-55 - -54)).
30
Calculate (-11 + 2 + 6 - (4 + (-32 - 4))) + -1.
28
What is the value of (0 - (-1 + (40 - 0))) + (-3 - -9 - 1)?
-34
-8 - (12 - (17 - 24)) - (-6 - -2 - 4)
-19
Calculate (1 - -82) + -2 + (-64 - -29 - -42).
88
Evaluate 5 - (-74 + 4 - -64 - (1 + -2 + 38)).
48
(46 - ((2 - 0) + 19)) + 23
48
Calculate -90 - -32 - (-152 - -125).
-31
14 - -3 - (-23 - (-15 + 19 + -1))
43
Evaluate 1 - 7 - (-59 + (37 - -36)).
-20
What is (6 + -3 + -19 - (-122 - -182)) + -6?
-82
What is the value of (5 - 33) + -9 - (-65 + 22)?
6
Calculate -22 + 40 - (46 - (0 + 20)).
-8
-94 - (9 - (116 + -132 - (0 - 27)))
-92
What is the value of 94 + -1 + (-3797 - -3785)?
81
What is the value of 4779 - 4703 - (-11 + 1)?
86
What is the value of 12 + 23 + -47 + (16 - -4)?
8
-15 - 2 - 0 - (32 + (1 - 1))
-49
What is the value of -467 + 540 + ((6 - 5) + -1 - 11)?
62
Evaluate (4 - (30 + (-4 - -20))) + 4 + -20.
-58
What is (-2 - -2) + -3 - (-20 + 3 + 51)?
-37
What is the value of 68 + -15 + 891 + -1014?
-70
Evaluate -33 - (3 - (-5 - -11)) - (15 + (-21 - -4)).
-28
What is the value of -377 - -389 - ((6 - 4) + (-2 - -11))?
1
-6 + 13 + -19 + 31 + -56
-37
What is the value of 113 + -123 + (3 - (0 + 1) - (-66 + 77))?
-19
-20 + -2 + -35 + 23 + 16
-18
Calculate 6 - (7 + 0) - 48 - (-5 + 7 - -5).
-56
339 + -350 + (-1 - -41)
29
Evaluate -5 + 27 - (-53 + 43 + 76).
-44
5309 + -5259 + (1 + -2 - -11)
60
What is 1 - (75 - 45 - -16) - -128?
83
What is (51 - 64) + 19 - 15?
-9
Evaluate 94 - (24 + -1 - -3) - (16 + -2).
54
What is the value of 74 - (-4 + 1 + 30 + -20)?
67
What is the value of (-5 - (4 - (20 - -1))) + -85 + 49?
-24
What is -105 + 44 + -11 - -68?
-4
What is the value of (19 - -79) + -105 + -119?
-126
What is the value of -8 - (40 - (22 - (10 + (0 - 3))))?
-33
Evaluate (17 + -8 - 11) + -10 + (-41 - (2 + -4)).
-51
What is (-3 - (-101 + 32)) + -91?
-25
-2 + -1 + (-5 - -1) - (1260 - 1290)
23
-9859 + 9919 - (152 + 1)
-93
Calculate -1 + -20 + 3 + -34 + 0.
-52
What is the value of 2662 + -2738 - (-110 + -1)?
35
Evaluate 1 - 9 - (21 + 45 + -64) - 24.
-34
75 + (-33 - -40) + (27 - 2)
107
Evaluate -852 + 846 + (0 - (-60 - -2 - 6)).
58
Evaluate (0 - (1 - -14)) + 78 + 38 + -95.
6
Evaluate 0 + 34 + -62 - -48.
20
What is the value of (54 - (107 + -59)) + -69?
-63
Calculate -67 + (32 - (66 + -166)).
65
What is the value of -5 + (-14 - -14) + -26 + -20?
-51
-156 + -147 + 186 - ((0 - (1 - 1)) + 2)
-119
Calculate -2 - (-36 + 42 - (-2 - -18) - (2 - -1)).
11
Calculate 19 + -5 - (15 - (-28 - -55)).
26
What is the value of 20 + 15 + -4 - -27 - (-4 - (-2 - 3))?
57
What is the value of 16 + (121 + -78 - 5)?
54
Evaluate (-40 - 0) + (2329 - 2332) + -1 + 16.
-28
-210 + 427 + -215 - (45 + -1 - 2)
-40
Evaluate (-79 - (14 + -39 + 22)) + 0 + 2 + 5.
-69
What is the value of 33 + -5 - ((-20 - -14) + 13 + -4)?
25
What is the value of (23 - (35 - -16)) + 33 + (-2 - -2) + 9?
14
What is 21 - (4 - ((8 - (-41 + 37)) + 1 + -2))?
28
-24 - (-26 + 8 + -24 - 5)
23
39 - (-11 + (20 - -8 - 14)) - (-8 + 2)
42
Evaluate -103 - -14 - ((-6 - -13) + -31 + 35).
-100
Calculate -36 - ((-1 - -2) + -5 - (122 - 137)).
-47
Calculate -2 + 25 - (-12 - 82 - -69).
48
Calculate -45 - (-20 - -3 - (-11 + 11 - 10)).
-38
-6 + (-27 + -10 + 11 - -18) + 54
40
Evaluate -3 - -11 - (7 + 10 + (-22 - -8)).
5
-31 + 52 + -25 + -27
-31
53 + -91 - 9 - -96
49
What is -6 + (0 + (8 - 7) - -4) + (-15 - -41)?
25
(5 - (-7 + 16) - 0 - -12) + 95 - 13
90
Evaluate -4 + (4 - -13) + -7 + -10 + 12 + 33.
41
Calculate 0 + -1 + 4 + (16 - (-3 - (8 + 24))).
54
60 + -3 + (31 + -51 - (-14 - -1))
50
Evaluate -11 + (76 + -53 - (-6 - -1 - -15)).
2
(-20 - -12) + 0 + 12 + (14 - 2)
16
What is (17 - -1) + -27 + 19 + (0 - -46)?
56
Calculate 26 + -46 + -9 - -47.
18
(-3 - (-9 - 22)) + (-7 - 4)
17
Evaluate (-1 - -4 - -1) + -34 + 88 + -42 + -41.
-25
-45 + (16 - (-33 + 13))
-9
Calculate 11 + -1 + (29 - 93) + 76.
22
11 + -1 + (-2391 - -2421 - (-1 + 29))
12
Calculate 101 - 85 - (-1 + 95 - (75 + -78)).
-81
What is the value of -189 + 39 - -2 - (-30 + -1)?
-117
Evaluate (9 - (-12 + (5 - 11) + 23)) + -44 + 1.
-39
What is 0 + -13 + (25 - (-32 - 13)) + -23?
34
What is the value of 0 + 6 + (-388 + 444 - (4 + 2 + -14))?
70
What is -125 - (-40 - -112 - 184)?
-13
What is 176 + 96 + -164 + (-3 + 5 + -4 - 9)?
97
Evaluate -22 - (-12 - (17 - 9)).
-2
What is (-51 - 5) + (17 - 1) + 1 + 6?
-33
Calculate (-5 + 3 - -13) + (24 + -3 - 13) - 12.
7
What is 7 - (-33 - -10 - 6) - (2 + 0 + -2)?
36
Calculate 1 + -2 + 13 + (1194 - 1263) + -7.
-64
What is 1 - ((-1 - -1) + 4) - (94 - (73 - -14))?
-10
What is -3 + (-2 - 0) - (-7 + 267 + -214)?
-51
What is (744 - 788) + 104 + -1?
59
Evaluate 14 + (-21 - (-14 + 10)) - -12.
9
(-35 - 11) + (6 - 2) + -12 + -3
-57
-3194 + 3177 + (-2 + 0 - (-99 + 2))
78
41 + 1 + -773 + 766
35
Calculate 1879 + -1858 - (10 - (-2 + 0 + -1)).
8
0 - ((-4 - -8) + -5 - (95 - 47)) - -13
62
Calculate 4 + 17 - (-6 - (-5 - (27 + -20))).
15
-7 - (9 + -4 + -12 + 10 - 9)
-1
2 + 68 + (7353 - 7427)
-4
What is -2 + (-1 - (34 + 0)) + 557 + -546?
-26
Evaluate -16 + -2 - (33 + 123 + -80).
-94
What is -5 - (8 + 8 + -9 + 20 + -27)?
-5
What is 24 + (-48 - -77) - -1?
54
Calculate -13 - (-122 + (-15 - (-13 + -9)) + -5).
107
Calculate (5 - (3 + -7)) + -86 + (15 - (-5 - -10)).
-67
Calculate -89 - (31 - (140 + -53)).
-33
What is 13 + 33 + (-11 - 5) + -4?
26
Calculate -17 - (98 - 75 - (-9 - -70)).
21
58 + -22 + -107 + -22
-93
Evaluate -66 + 25 + (-5 - (-36 + -159)).
149
18 - 22 - 38 - (15 + -3 - (6 + -1))
-49
Evaluate -102 - -1 - (1 + -3 - ((19 - -20) + -28)).
-88
Calculate -1 + 24 + (9 - -20) + -39 + (0 - -1).
14
Evaluate -2 - (-25 + 86) - (13 + -7).
-69
What is -206 - -204 - ((-1 - 1) + 15 + (16 - -1))?
-32
(17 - (-3 - (49 - 57))) + (0 - (57 - 1))
-44
Calculate -36 + -1 + 26 + 0 + 0 + 23.
12
Calculate 58 - 69 - (-35 + 43).
-19
What is (0 + -6 - (1 - -54 - (4 - -6))) + -1?
-52
What is the value of -8 + 1 - -24 - (173 + -170) - 105?
-91
Evaluate (-3 - -168) + -1913 + 1867.
119
What is the value of 6 + -91 + 5 + 23 - -11?
-46
Calculate -22 - (-145 - (-15 + -238)).
-130
What is the value of (60 - (-75 - -67)) + -120?
-52
What is the value of (96 - (21 - (2 + (9 - (12 + -8))))) + 14?
96
What is (-7 - -129) + -126 + (3 + (50 - -1) - -1)?
51
Evaluate (-37 + -1 - -35) + (6 - -27).
30
Evaluate (-44 - (-11 - -5)) + 35 + -2 + 1 + 42.
38
Evaluate (-7 - (-5 - -11)) + 7 + (20 - -10).
24
What is 37 + (39 - 100 - 65)?
-89
What is the value of (-34 - (13 + -17 - -17)) + 6?
-41
Calculate (59 - 83) + (-39 - 28).
-91
Evaluate -66 - (-2 + 1 - 20).
-45
Calculate -1 - 4 - (12 + (-47 - -42) + (0 - 26)).
14
Calculate -28 + (5 - (-7 + 18)) + 15 - -86.
67
What is the value of 41 - (10 + -4) - 96?
-61
Evaluate 44 + -29 - (3 - (50 - 25)).
37
What is the value of (0 - -62) + (49 - (7 + 25) - (8 - 4))?
75
What is -21 + 83 + (-4 - 23)?
35
Evaluate -1 + 5 - (26 - -2 - (534 + -505)).
5
What is 30 + 3 + -4 - (-875 + 903)?
1
What is the value of -12 - (-18 - -25 - (-28 + 5)) - -8?
-34
What is (11 - (74 + -136)) + -1 + -23?
49
What is -390 + 219 + 172 + -75?
-74
What is the value of (-34 + -24 + 22 - -129) + 0 + 0 + 10?
103
Calculate (-26 - -9) + 7 + 8 - (1 - 0 - -24).
-27
What is the value of (47 - 50) + (-4 - (0 + 13 - 7)) + 6?
-7
14 - 1 - (145 - (-126 + 299))
41
(0 - -5) + (-9 - (-29 - (4